
94
Let x(n) = 3*n**3 - 6*n**2 + 776*n - 1540. Calculate x(2).
12
Let x(l) = 274165*l - 1919155. Calculate x(7).
0
Let g(l) = -8688*l + 1112068. What is g(128)?
4
Let k(j) = -185633*j - 185629. Determine k(-1).
4
Let o(a) = -12*a**2 + 2442*a + 4466. Determine o(205).
776
Let x(l) = l**3 + 68*l**2 + 192*l - 837. Determine x(-65).
-642
Let t(m) = -3*m**2 - 99*m - 1072. Calculate t(-45).
-2692
Let p(h) = 154*h**2 - 9847*h + 28153. Calculate p(3).
-2
Let x(f) = -24631*f - 5566593. Give x(-226).
13
Let s(n) = -19614*n - 2530237. Calculate s(-129).
-31
Let r(n) = -4*n**3 - 20*n**2 - 325*n - 1621. What is r(-5)?
4
Let b(s) = 2499*s + 1182049. What is b(-473)?
22
Let r(d) = 907*d - 132394. Give r(146).
28
Let n(u) = 18*u**3 - 165*u**2 + 124*u - 864. What is n(9)?
9
Let d(g) = -g**3 - 28*g**2 - 200*g - 570. Give d(-19).
-19
Let k(r) = -r**3 + 119*r**2 - 2961*r + 1767. Determine k(84).
3
Let o(f) = 110*f**2 - 473*f + 123. Determine o(-5).
5238
Let s(d) = 56*d**2 + 124*d + 498. Give s(-4).
898
Let b(g) = 17*g**2 - 14300*g - 28597. What is b(-2)?
71
Let c(p) = p**3 + 132*p**2 - 271*p - 235. Determine c(-134).
167
Let v(p) = p**3 - 140*p**2 + 3136*p - 39. Calculate v(28).
-39
Let s(j) = j**3 + 13*j**2 + 16919*j + 101268. What is s(-6)?
6
Let d(a) = -17420*a - 34754. Determine d(-2).
86
Let b(h) = -2030675*h + 20306742. What is b(10)?
-8
Let u(x) = -2*x**3 - 247*x**2 - 149*x - 33854. What is u(-124)?
-2
Let p(r) = -r**2 + 20488*r + 102465. What is p(-5)?
0
Let o(r) = -70*r**2 + 754*r + 385. Give o(12).
-647
Let m(g) = 108*g - 959. Calculate m(9).
13
Let g(r) = -r**2 - 177139*r + 4251950. What is g(24)?
38
Let r(f) = -f**3 - 62*f**2 + 99*f + 2104. Give r(-63).
-164
Let s(z) = -673*z**2 - 4008*z + 193. Give s(-6).
13
Let d(r) = r**2 - 12060*r - 3455202. Give d(-280).
-2
Let a(o) = 8821*o + 6359940. Give a(-721).
-1
Let w(i) = -2*i**3 + 7*i**2 - 5*i + 80. Give w(6).
-130
Let i(r) = 6*r**3 - 401*r**2 + 6715*r - 614. What is i(34)?
-36
Let k(v) = -225090*v - 10129058. What is k(-45)?
-8
Let a(u) = u**2 + u - 7040. What is a(-89)?
792
Let j(q) = 2*q**2 - 290*q - 27856. What is j(211)?
-4
Let x(a) = 343*a + 8900. Calculate x(-26).
-18
Let v(z) = 7*z**2 + 4499*z + 116365. Give v(-27).
-5
Let c(t) = -24228*t + 146212. Determine c(6).
844
Let a(n) = n**3 + 1447*n**2 + 11514*n - 23. What is a(-8)?
-39
Let p(m) = 134*m + 22243. Give p(-166).
-1
Let f(b) = 78*b**2 + 105*b + 1. What is f(-5)?
1426
Let k(m) = -3*m**3 + 133*m**2 + 885*m - 17132. Determine k(48).
4
Let c(s) = 662*s**2 - 240*s - 241. Determine c(-1).
661
Let q(y) = -204*y - 4799. Determine q(-21).
-515
Let n(g) = 12*g**2 - 1434*g + 12534. Calculate n(110).
-6
Let v(f) = 594*f - 7801. Determine v(10).
-1861
Let y(g) = 2*g**3 + 139*g**2 - 248*g + 7617. Give y(-72).
-447
Let w(d) = 18983*d - 113941. Give w(6).
-43
Let u(y) = y**3 + 544*y**2 + 558*y + 8151. What is u(-543)?
6
Let u(l) = -149*l**2 + 32043*l - 1752. Determine u(215).
-32
Let s(p) = -p**3 - 68*p**2 + 1343*p - 85. Give s(16).
-101
Let x(c) = -7*c**2 - 1319*c + 13924. What is x(10)?
34
Let r(s) = s**2 + 149*s - 5330. Determine r(31).
250
Let m(z) = 277337*z - 832000. What is m(3)?
11
Let b(m) = 8*m**3 + 59*m**2 + 96*m + 536. Calculate b(-6).
356
Let l(s) = -8*s**3 + 37*s**2 + 92*s - 222. Calculate l(3).
171
Let c(f) = -7619*f + 518074. What is c(68)?
-18
Let t(k) = k**3 + 127*k**2 + 714*k - 45. Calculate t(-6).
27
Let g(d) = -171*d + 16118. Calculate g(88).
1070
Let l(g) = 29*g**3 - 1068*g**2 - 1296*g + 185. What is l(38)?
33
Let l(s) = -7*s**3 - 120*s**2 + 1033*s + 14930. Determine l(-19).
-4
Let h(z) = 352484*z + 1762418. What is h(-5)?
-2
Let k(m) = -2*m**3 + 46*m**2 + 54*m + 50. Calculate k(24).
194
Let n(d) = 287*d + 14376. What is n(-46)?
1174
Let i(v) = 51*v**2 + 5508*v + 6. Determine i(-108).
6
Let v(q) = -49*q**2 + 2548*q - 4906. Determine v(50).
-6
Let f(v) = 243*v**2 + 7478*v - 1690. What is f(-31)?
15
Let o(f) = -8275*f - 239913. What is o(-29)?
62
Let w(l) = 147*l + 22192. Give w(-151).
-5
Let h(l) = -11*l**2 + 308*l - 3305. Determine h(13).
-1160
Let k(c) = -8758*c + 131276. Give k(15).
-94
Let m(u) = -77*u**2 - 7012*u - 495. What is m(-91)?
-40
Let s(i) = -686*i - 312876. Give s(-456).
-60
Let j(p) = -134*p**3 - 2*p**2 - 56*p + 56. Calculate j(1).
-136
Let j(f) = -22903*f + 1190933. What is j(52)?
-23
Let k(h) = -6*h**2 + 4499*h + 8991. Determine k(-2).
-31
Let i(a) = 8*a**2 - 404653*a - 3237739. Calculate i(-8).
-3
Let b(o) = 5232*o + 779568. Give b(-149).
0
Let n(y) = 75117*y - 300342. Determine n(4).
126
Let u(h) = -33405*h + 1837274. Give u(55).
-1
Let v(p) = 4398*p**2 - 74774*p + 141. Give v(17).
5
Let y(v) = -9*v**3 - 126*v**2 + 286*v - 69. Determine y(-16).
-37
Let h(n) = 1873*n - 93727. Give h(50).
-77
Let r(m) = 2*m**3 - 493*m**2 - 748*m - 966. Determine r(248).
-1958
Let j(w) = -211*w**3 - 4325*w**2 + 4322*w + 3. What is j(1)?
-211
Let m(s) = -5*s**3 + 23*s**2 - 176*s + 65. Calculate m(6).
-1243
Let w(l) = 23*l**3 + 735*l**2 + 181*l + 6823. What is w(-32)?
7
Let w(t) = -2*t**2 - 65*t - 169. Determine w(7).
-722
Let m(h) = 3*h**2 + 1559*h + 199808. Calculate m(-290).
-2
Let a(j) = -753*j + 93357. What is a(124)?
-15
Let s(w) = 685*w**2 + 1235*w - 289. Calculate s(-2).
-19
Let w(h) = -1143*h - 188608. Give w(-165).
-13
Let r(b) = -b**3 + 7*b**2 - 2993*b - 6018. What is r(-2)?
4
Let s(r) = -81*r**2 - 2673*r - 10643. Determine s(-4).
-1247
Let a(w) = 5*w**3 - 1045*w**2 + 2076*w - 1452. Give a(207).
-210
Let u(i) = -2*i**3 - 631*i**2 - 3151*i - 114. Calculate u(-5).
116
Let v(d) = 142*d - 288. Give v(7).
706
Let f(w) = w**3 + 339*w**2 - 468*w - 43554. Give f(-340).
-34
Let t(h) = -32767*h - 196717. Determine t(-6).
-115
Let d(n) = -n**3 + 29*n**2 - 401*n + 19360. Give d(34).
-54
Let k(c) = -230647*c - 461289. What is k(-2)?
5
Let s(o) = 4503*o - 148579. Determine s(33).
20
Let t(i) = 8399*i + 28949. Determine t(-3).
3752
Let a(r) = -r**2 - 2073*r - 961816. Determine a(-701).
-44
Let k(b) = 29*b - 4599. Calculate k(128).
-887
Let u(s) = 1007*s - 285998. Determine u(284).
-10
Let p(t) = 644*t + 8166. Calculate p(-13).
-206
Let y(k) = -4037*k - 25210. Determine y(-6).
-988
Let a(j) = -3*j**3 - 208*j**2 - 75*j - 390. Give a(-69).
24
Let a(f) = f**3 - 2*f**2 + 170*f + 2005. Determine a(-8).
5
Let p(q) = -8*q**2 - 808*q + 1635. Calculate p(-103).
-13
Let b(o) = -162*o**2 - 12*o - 8. Give b(-1).
-158
Let v(j) = -j**2 + 11*j + 38194. Give v(-190).
4
Let r(p) = 3*p**3 + 419*p**2 + 8595*p - 139. Determine r(-25).
-14
Let x(w) = 421842*w - 843677. Determine x(2).
7
Let d(w) = -2*w**3 + 8*w**2 + 76*w + 145. Give d(-2).
41
Let l(i) = -49103*i + 1669527. Determine l(34).
25
Let x(i) = -743*i + 227997. Give x(307).
-104
Let d(q) = 2*q**3 + 759*q**2 - 10609*q + 978. Give d(-393).
192
Let t(s) = -50543*s + 707681. Calculate t(14).
79
Let t(r) = -9*r**2 + 125*r + 14442. What is t(-34)?
-212
Let y(b) = -b**3 - 6*b**2 + 484*b - 210. Determine y(19).
-39
Let h(f) = 114*f - 3712. Determine h(39).
734
Let t(k) = -2*k**2 - 17355*k - 587794. Give t(-34).
-36
Let c(u) = -73*u + 4762. Give c(49).
1185
Let c(x) = -12305*x - 357046. What is c(-29)?
-201
Let j(z) = 3119*z - 18415. Give j(6).
299
Let s(l) = 63*l**3 - 581*l**2 + 33*l + 23. Calculate s(9).
-814
Let d(l) = 84*l**3 + 63*l**2 + 81*l + 18. What is d(-1)?
-84
Let i(z) = 9*z**3 - 659*z**2 + 98*z - 1656. Give i(73).
-5160
Let m(r) = 5*r**2 - 61*r - 6124. Calculate m(-29).
-150
Let f(q) = -288*q - 114. What is f(9)?
-2706
Let t(u) = -6*u**2 - 7625*u - 15242. What is t(-2)?
-16
Let v(h) = h**2 + 1004*h - 31664. Calculate v(30).
-644
Let q(a) = 9*a**2 + 15167*a + 91067. Give q(-6).
389
Let w(v) = v**2 - 641*v + 67934. Give w(134).
-4
Let l(k) = -12*k**2 - 9014*k - 71300. Determine l(-8).
44
Let u(z) = z**2 - 2999*z - 48218. What is u(-16)?
22
Let z(u) = -4642*u + 190403. What is z(41)?
81
Let p(x) = -5*x**2 + 489*x + 11928. Calculate p(118).
10
Let b(d) = -393*d + 12214. What is b(25)?
2389
Let s(l) = 230602*l + 8071094. What is s(-35)?
24
Let x(c) = -1776*c + 76402. Calculate x(43).
34
Let h(t) = -3*t**3 + 148*t**2 - 207*t + 706. Calculate h(48).
-14
Let i(w) = -6*w**2 - 201*w - 1704. What is i(-18)?
-30
Let y(t) = t**3 + 247*t**2 + 2392*t + 6. Determine y(0).
6
Let z(d) = -6*d**3 - 38*d**2 - 210*d -